*a + 3566. Calculate g(-26).
-152
Let z(y) = -y**2 - 118*y + 2295. What is z(17)?
0
Let a(m) = -m**2 + 15*m + 267. Determine a(26).
-19
Let v(d) = d**2 + 66*d - 36. Calculate v(-59).
-449
Let h(y) = 2*y**3 - y**2 + 7*y + 530. Determine h(0).
530
Let p(g) = g**3 - 31*g**2 - 177*g - 121. Determine p(36).
-13
Let c(w) = -w**2 + 2*w + 18. What is c(-10)?
-102
Let i(f) = f**3 + 41*f**2 + 97*f + 804. Give i(-39).
63
Let w(c) = -2190*c + 8808. Calculate w(4).
48
Let q(i) = -2*i + 163. Determine q(-36).
235
Let i(p) = -2050*p - 151706. What is i(-74)?
-6
Let s(p) = -p**2 - 7*p - 26. What is s(0)?
-26
Let w(v) = -v**3 + 11*v**2 + 3*v - 69. Determine w(10).
61
Let f(a) = -a**3 - 5*a**2 + 16*a + 89. Determine f(-5).
9
Let n(y) = -16*y**2 - 2*y - 18. Determine n(-3).
-156
Let l(y) = -11*y**2 + 49*y - 9. Give l(6).
-111
Let r(d) = -d**3 - d**2 + 9*d + 9. Determine r(-3).
0
Let h(l) = l**3 + 40*l**2 - 32*l + 235. What is h(-41)?
-134
Let t(p) = 13*p**2 + 63*p + 6. What is t(-6)?
96
Let k(q) = -4*q**2 + 3*q + 16. What is k(4)?
-36
Let c(v) = 2*v**2 + 31*v + 86. Give c(-12).
2
Let r(p) = 2*p**2 + 30*p - 416. Determine r(9).
16
Let n(t) = 6*t**3 - 14*t**2 - 37*t + 13. What is n(-3)?
-164
Let i(t) = t**2 + 33*t + 41. Determine i(-25).
-159
Let a(r) = r**3 - 9*r**2 - 6*r - 45. What is a(10)?
-5
Let a(j) = -2*j**2 + 119*j + 199. What is a(61)?
16
Let a(d) = 49*d**3 + 345*d**2 + 15*d + 8. Give a(-7).
1
Let c(v) = -132*v - 1844. Give c(-14).
4
Let r(q) = -12*q - 890. What is r(-75)?
10
Let f(p) = p**2 - 163*p - 2874. What is f(179)?
-10
Let o(s) = -7*s**2 - 76*s + 2461. Calculate o(-25).
-14
Let d(g) = -11997*g + 71982. Determine d(6).
0
Let j(k) = 43*k + 6992. Calculate j(-162).
26
Let v(m) = 57*m - 1192. What is v(21)?
5
Let i(h) = -h**2 - 141*h - 544. Give i(-4).
4
Let b(l) = l**2 - l + 9. Give b(-8).
81
Let b(z) = -z**3 + 2*z**2 + 32*z - 11. What is b(6)?
37
Let n(g) = 2*g**2 + 4*g + 17. Give n(-3).
23
Let k(v) = -18*v**2 - 122*v - 499. Calculate k(-4).
-299
Let p(h) = -4*h**2 + 13*h - 20. Calculate p(2).
-10
Let j(x) = -15225*x + 274055. Give j(18).
5
Let u(k) = 16*k**3 + 4*k**2 + 4*k + 13. Give u(-3).
-395
Let z(g) = -g**3 + 155*g**2 + 4071*g + 4096. Determine z(178).
2
Let a(y) = -103*y + 2531. Determine a(25).
-44
Let p(b) = 596*b + 4746. Give p(-8).
-22
Let o(g) = -2*g**3 + 76*g**2 + 6*g - 230. Determine o(38).
-2
Let r(h) = -h**3 - 5*h**2 + 145*h + 88. What is r(-14)?
-178
Let v(z) = -741*z + 4444. Determine v(6).
-2
Let d(s) = s**3 + 182*s**2 + 188*s + 1263. Give d(-181).
-4
Let h(g) = g**3 - 16*g**2 + 25*g - 103. What is h(14)?
-145
Let k(d) = 2*d**3 - 63*d**2 + 91*d - 75. What is k(30)?
-45
Let c(k) = 14184*k + 14184. Give c(-1).
0
Let m(t) = 12*t - 285. Calculate m(62).
459
Let m(h) = 87*h**3 - 5*h**2 + h. What is m(1)?
83
Let b(u) = -u**3 + 11*u**2 + 12*u - 36. Give b(13).
-218
Let g(l) = -l**2 + 184*l + 563. Give g(-3).
2
Let r(q) = 2*q**3 + 206*q**2 + 193*q - 1098. What is r(-102)?
24
Let q(v) = -v**2 + 26*v + 571. Calculate q(-14).
11
Let b(f) = 54*f + 697. Give b(-13).
-5
Let n(l) = 33*l + 434. Calculate n(-13).
5
Let c(u) = -u**3 - 22*u**2 - 47*u - 131. Give c(-20).
9
Let i(b) = -b**3 - 2*b**2 - 10*b - 27. Calculate i(-2).
-7
Let o(w) = 187*w + 1291. What is o(-7)?
-18
Let w(c) = -137*c - 541. Calculate w(-4).
7
Let i(s) = s**2 + 22*s - 69. What is i(-22)?
-69
Let q(h) = -h**3 - 7*h**2 - 2*h - 618. Calculate q(0).
-618
Let b(a) = 23*a - 242. What is b(11)?
11
Let a(k) = -4*k**3 + 26*k**2 - 40*k + 350. Give a(7).
-28
Let q(t) = 2*t**3 + 3*t**2 - 66*t - 12. Determine q(5).
-17
Let a(s) = -27*s - 924. Give a(-27).
-195
Let o(g) = 3*g**3 + 17*g**2 - 53*g - 283. Determine o(-6).
-1
Let f(c) = 151*c + 2417. Give f(-16).
1
Let r(t) = t**2 - 91*t + 1552. Give r(64).
-176
Let v(n) = -33*n + 890. Give v(27).
-1
Let a(j) = 8*j**2 - 4*j - 2. Give a(2).
22
Let y(d) = 41*d - 852. Calculate y(21).
9
Let b(v) = 278*v + 2223. Calculate b(-8).
-1
Let p(z) = z**2 + 21*z - 75. Determine p(3).
-3
Let j(z) = -2533*z + 7652. Determine j(3).
53
Let q(n) = -2*n**2 + 106*n - 208. Calculate q(52).
-104
Let v(g) = -g**3 - 10*g**2 + 3*g - 86. What is v(-11)?
2
Let d(f) = -391*f + 53. Calculate d(1).
-338
Let l(x) = 44*x**2 + 11*x. Determine l(-1).
33
Let q(n) = -1412*n - 8468. Determine q(-6).
4
Let y(z) = -209*z - 7646. What is y(-37)?
87
Let k(l) = 69*l - 80. Determine k(1).
-11
Let v(q) = 22*q + 42. What is v(-3)?
-24
Let k(i) = i + 324. Determine k(45).
369
Let a(y) = 1209*y + 10895. What is a(-9)?
14
Let s(y) = 206*y - 610. Determine s(3).
8
Let l(d) = -15*d - 266. Determine l(-18).
4
Let s(z) = 182*z + 252. Determine s(-2).
-112
Let q(o) = o**2 - 34*o + 32. Determine q(8).
-176
Let k(b) = -116*b - 6138. Calculate k(-52).
-106
Let v(q) = -2*q - 45. Determine v(27).
-99
Let d(p) = -3*p**2 + 125*p + 21. Give d(42).
-21
Let d(c) = 8*c + 7. Calculate d(-18).
-137
Let w(f) = 274*f + 553. Determine w(-2).
5
Let k(p) = 112*p + 50. Calculate k(-4).
-398
Let n(w) = -w + 126. Give n(0).
126
Let c(t) = t**3 - 55*t**2 + 492*t - 352. Calculate c(44).
0
Let h(n) = 24*n**2 - 2615*n + 55. Determine h(109).
164
Let s(d) = -32*d - 1154. What is s(-36)?
-2
Let g(r) = 3001*r + 15025. What is g(-5)?
20
Let t(u) = -12*u - 162. Calculate t(-41).
330
Let t(q) = -q**3 - 5*q**2 - 8*q - 87. Determine t(-7).
67
Let h(a) = a**3 - 28*a**2 - 92*a + 139. Give h(31).
170
Let p(f) = f**3 + 24*f**2 + 31*f - 79. Calculate p(-19).
1137
Let r(v) = -v**2 + 8*v + 166. What is r(14)?
82
Let w(h) = h**3 - 55*h**2 + 56*h - 105. Give w(54).
3
Let l(z) = 22*z**2 + 260*z + 26. Calculate l(-12).
74
Let j(w) = -83*w - 8380. Calculate j(-101).
3
Let i(q) = 11*q**2 - 44*q - 53. Give i(5).
2
Let s(t) = -t**2 - 624*t - 41. Determine s(0).
-41
Let u(h) = -8*h**3 + 3*h**2 - 2*h - 21. Give u(4).
-493
Let v(g) = -g**2 + 21*g - 2. Give v(21).
-2
Let f(s) = s**3 - 25*s**2 - 55*s + 72. Calculate f(27).
45
Let o(g) = 157*g - 5492. What is o(35)?
3
Let q(k) = k**2 - 167*k + 325. What is q(165)?
-5
Let c(p) = p**3 - 60*p**2 - 188*p - 59. What is c(63)?
4
Let h(m) = 111*m + 1987. Determine h(-18).
-11
Let z(v) = v**2 - 13*v + 85. Give z(6).
43
Let h(s) = -s**3 - 257*s**2 + 1022*s - 5742. What is h(-261)?
0
Let g(z) = z**3 - 47*z**2 - 203*z - 100. Determine g(51).
-49
Let x(a) = -5*a**2 + 11*a - 17. What is x(5)?
-87
Let g(j) = 122*j + 722. What is g(-6)?
-10
Let j(q) = 73*q + 5105. Give j(-70).
-5
Let w(q) = -q**3 + 4*q**2 + 14*q - 41. Determine w(5).
4
Let c(g) = 2*g**3 + 6*g**2 + 26*g + 122. Determine c(-4).
-14
Let d(r) = -r**3 + 29*r**2 + 72*r - 1309. Calculate d(30).
-49
Let i(a) = -a**3 - 31*a**2 - 46*a + 226. What is i(-29)?
-122
Let z(b) = -8*b - 343. Give z(-28).
-119
Let b(h) = 2*h**3 - 49*h**2 + 18*h + 143. What is b(24)?
-1
Let c(n) = 174*n + 3478. Give c(-20).
-2
Let r(n) = 4*n**3 + 9*n**2 - 5*n - 33. What is r(-4)?
-125
Let l(m) = -4*m**2 + 190*m + 97. Determine l(48).
1
Let u(t) = -89*t**2 + 352*t + 11. Determine u(4).
-5
Let j(s) = -s**3 - 19*s**2 + 40*s - 68. Determine j(-21).
-26
Let x(d) = d**3 - 36*d**2 + 92*d + 160. Give x(33).
-71
Let b(o) = -8*o - 123. Calculate b(-15).
-3
Let a(d) = 226*d + 2267. What is a(-10)?
7
Let p(y) = 1309*y + 1200. Determine p(-1).
-109
Let z(s) = -13*s + 207. Calculate z(20).
-53
Let l(a) = 7*a + 117. Determine l(-12).
33
Let q(l) = -l**3 - 23*l**2 - 37*l + 146. Give q(-21).
41
Let w(b) = -160*b + 7347. What is w(45)?
147
Let t(x) = -1142*x + 22847. Give t(20).
7
Let y(z) = -z**3 + 10*z**2 - 21*z + 4. Give y(6).
22
Let z(d) = d**3 - 7*d**2 + 39*d - 150. Determine z(5).
-5
Let c(j) = j**3 - 6*j**2 + 9*j - 7. What is c(6)?
47
Let s(y) = -y**3 + 21*y**2 - 41*y + 423. Determine s(20).
3
Let z(x) = -x**3 + 43*x**2 + 14*x - 615. Calculate z(43).
-13
Let t(m) = 4*m**3 + m**2 - 7*m + 12. Determine t(2).
34
Let k(l) = 16*l**3 - 79*l**2 - 12*l + 8. What is k(6)?
548
Let x(m) = m**3 - 15*m**2 - 29*m + 523. Determine x(15).
88
Let g(c) = -2*c**2 + 166*c - 1795. Give g(13).
25
Let o(y) = -y**3 - 50*y**2 - 73*y + 1073. Calculate o(-48).
-31
Let l(c) = c**3 + 17*c**2 - 239*c + 842. Determine l(-27).
5
Let x(o) = -2*o**3 + 12*o**2 - 113*o + 508. Give x(5).
-7
Let l(d) = 264*d - 2668. What is l(10)?
-28
Let c(t) = 36*t - 399. Calculate c(12).
33
Let r(a) = -3*a**2 - 33*a + 296. Calculate r(-17